d 4935.
105
What is the greatest common factor of 1981018 and 338?
338
What is the highest common divisor of 381311 and 329?
329
Calculate the greatest common factor of 1643 and 4619.
31
Calculate the greatest common divisor of 164 and 9881.
41
Calculate the highest common factor of 307830 and 620.
310
Calculate the highest common factor of 250815 and 345.
345
What is the highest common divisor of 340301 and 13?
13
What is the greatest common divisor of 529620 and 208?
52
Calculate the highest common divisor of 630 and 72975.
105
Calculate the highest common factor of 912 and 10224.
48
Calculate the highest common factor of 60973 and 1265.
253
What is the highest common factor of 56851 and 695?
139
What is the highest common divisor of 126 and 21114?
18
Calculate the greatest common divisor of 116 and 108750.
58
What is the highest common factor of 32166 and 18?
18
Calculate the highest common factor of 429 and 759.
33
What is the greatest common divisor of 288 and 515106?
18
Calculate the highest common divisor of 3555 and 53460.
45
Calculate the highest common divisor of 799 and 155771.
17
Calculate the highest common factor of 297 and 12837.
33
What is the highest common divisor of 6032 and 533?
13
Calculate the greatest common factor of 986 and 2842.
58
What is the highest common divisor of 46765 and 470?
235
Calculate the highest common factor of 86 and 70606.
86
Calculate the greatest common divisor of 91 and 1657903.
13
Calculate the greatest common factor of 906 and 515514.
906
What is the greatest common divisor of 1016928 and 5346?
594
Calculate the highest common divisor of 1109331 and 18.
9
Calculate the highest common factor of 138502 and 364.
182
Calculate the highest common divisor of 94884 and 60.
12
What is the highest common divisor of 13920 and 4245?
15
What is the highest common divisor of 74630 and 34?
34
Calculate the highest common divisor of 868668 and 191.
191
Calculate the highest common divisor of 90690 and 210.
30
What is the highest common factor of 47617 and 17?
17
What is the greatest common divisor of 5169 and 3453?
3
Calculate the greatest common divisor of 5183 and 39493.
73
What is the greatest common factor of 17531 and 235?
47
Calculate the highest common factor of 14240 and 122375.
445
Calculate the highest common factor of 50912 and 8.
8
What is the greatest common divisor of 238319 and 469?
67
What is the greatest common divisor of 12 and 248316?
12
What is the greatest common divisor of 39029 and 1?
1
Calculate the greatest common divisor of 616 and 382326.
14
Calculate the greatest common factor of 385549 and 23.
23
Calculate the highest common factor of 3760 and 2920.
40
Calculate the greatest common divisor of 243217 and 689.
689
What is the highest common divisor of 1161 and 1032?
129
What is the highest common factor of 24220 and 4340?
140
Calculate the greatest common factor of 8648 and 136436.
92
What is the highest common factor of 3559416 and 126?
42
What is the greatest common factor of 61 and 553?
1
Calculate the highest common divisor of 387 and 310116.
129
What is the highest common factor of 9035 and 40?
5
What is the greatest common factor of 1494 and 27058?
166
Calculate the highest common divisor of 403 and 10633.
31
What is the highest common divisor of 57955 and 134?
67
What is the highest common factor of 1224361 and 412?
103
What is the greatest common factor of 450 and 255690?
90
What is the highest common divisor of 20 and 312500?
20
What is the highest common factor of 58028 and 534?
178
Calculate the highest common divisor of 511122 and 1224.
102
Calculate the greatest common factor of 293 and 382951.
293
What is the highest common factor of 150 and 2495300?
50
What is the greatest common factor of 100163 and 574?
287
Calculate the highest common divisor of 56394 and 366.
6
What is the greatest common divisor of 291434 and 104?
26
What is the greatest common factor of 1034704 and 2992?
176
Calculate the greatest common factor of 387 and 1376.
43
What is the highest common divisor of 200 and 3112?
8
What is the greatest common factor of 117 and 116441?
13
What is the greatest common factor of 20766 and 42?
6
Calculate the greatest common factor of 1038 and 3455502.
1038
What is the greatest common divisor of 324 and 1260252?
108
Calculate the highest common factor of 587344 and 80.
16
Calculate the highest common divisor of 65 and 16255.
5
What is the greatest common divisor of 273792 and 69?
69
Calculate the greatest common factor of 2 and 1762.
2
What is the greatest common divisor of 4466 and 3074?
58
What is the highest common factor of 45683 and 33?
11
Calculate the highest common factor of 492189 and 34464.
1077
Calculate the highest common divisor of 75 and 31925.
25
Calculate the greatest common factor of 95 and 73397.
19
What is the highest common factor of 28334 and 806?
62
Calculate the highest common factor of 11163 and 77043.
183
Calculate the greatest common divisor of 44310 and 15.
15
Calculate the greatest common divisor of 512380 and 170.
170
What is the highest common divisor of 188760 and 156?
156
Calculate the highest common divisor of 740 and 117290.
370
What is the greatest common factor of 20967 and 271848?
723
Calculate the greatest common factor of 17650 and 1950.
50
What is the highest common divisor of 4541 and 475?
19
Calculate the highest common divisor of 473600 and 4320.
160
Calculate the greatest common divisor of 1683042 and 6.
6
Calculate the highest common divisor of 1581 and 83589.
51
What is the greatest common factor of 240 and 147920?
80
Calculate the greatest common factor of 646 and 3315.
17
What is the highest common factor of 56378 and 56?
14
What is the highest common divisor of 1984 and 13568?
64
What is the highest common divisor of 168 and 8148?
84
What is the greatest common divisor of 122 and 68869?
61
Calculate the highest common divisor of 11 and 245201.
11
Calculate the greatest common factor of 2057 and 287793.
187
What is the highest common factor of 134244 and 72?
36
What is the greatest common factor of 6864342 and 269?
269
What is the highest common divisor of 220 and 25894?
22
What is the greatest common divisor of 90168 and 39?
39
What is the highest common divisor of 128355 and 30?
15
Calculate the highest common factor of 3372 and 12984.
12
What is the greatest common divisor of 12280 and 136922?
614
Calculate the highest common divisor of 2788 and 731.
17
What is the highest common factor of 13 and 1483196?
13
What is the greatest common divisor of 633 and 211?
211
What is the greatest common divisor of 155 and 194897?
31
Calculate the greatest common divisor of 3765 and 360.
15
Calculate the highest common divisor of 1905853 and 142.
71
What is the highest common factor of 43904 and 707?
7
What is the greatest common factor of 23426 and 102?
34
What is the highest common factor of 678210 and 52?
26
What is the highest common divisor of 124 and 9488?
4
What is the highest common factor of 48276 and 20562?
894
Calculate the highest common divisor of 3680 and 334052.
92
What is the greatest common factor of 153383 and 15056?
941
Calculate the highest common divisor of 111156 and 49926.
942
Calculate the highest common factor of 14 and 643069.
7
Calculate the greatest common factor of 11998 and 1806.
14
Calculate the greatest common divisor of 189366 and 222.
222
What is the highest common factor of 4698 and 5394?
174
Calculate the highest common divisor of 9747 and 270.
27
What is the greatest common divisor of 102625 and 10?
5
Calculate the greatest common divisor of 3901 and 14359.
83
Calculate the greatest common factor of 466116 and 168.
84
What is the greatest common factor of 30500 and 11625?
125
What is the highest common divisor of 19418 and 14819?
511
What is the greatest common factor of 186626 and 44?
22
What is the greatest common factor of 2960 and 5624?
296
What is the highest common divisor of 3710 and 2926?
14
Calculate the highest common divisor of 2062013 and 1558.
779
What is the highest common factor of 8364 and 24?
12
Calculate the highest common factor of 51 and 570027.
51
What is the highest common divisor of 950 and 135550?
50
What is the greatest common factor of 66120 and 3990?
570
What is 